{"id":21,"date":"2017-03-17T07:30:42","date_gmt":"2017-03-17T07:30:42","guid":{"rendered":"http:\/\/localhost\/svetlana\/wordpress\/?page_id=21"},"modified":"2026-03-27T12:10:15","modified_gmt":"2026-03-27T12:10:15","slug":"o-nama","status":"publish","type":"page","link":"https:\/\/www.magicpartydekoracija.com\/","title":{"rendered":"O nama"},"content":{"rendered":"\n<p>U na\u0161oj prodavnici mo\u017eete prona\u0107i:<\/p>\n\n\n\n<ul><li>Veliki izbor latex balona punjenih helijumom, folije balona razli\u010ditih oblika, tema i veli\u010dina kao i brojeva u dve veli\u010dine (66cm i 102cm) raznih boja<\/li><li>Razne zanimljive i sme\u0161ne poklone<\/li><li>\u010cestitke, kese, ukrasne kutije, sve\u0107ice i vatromet<\/li><li>Pinjate<\/li><li>Dekoracije  proslava (de\u010diji ro\u0111endani i kr\u0161tenja, 18-ti ro\u0111endani, korporativne proslave)<\/li><li>Izrada party programa, slatkog programa i torti<\/li><li>Iznajmljivanje rasvete, ma\u0161ina i ozvu\u010denja za proslave<\/li><li>Dekoracije poslovnih objekata<\/li><li>Iznajmljivanje dekoracije (pozadine, stolovi, konstrukcije&#8230;)<\/li><\/ul>\n\n\n\n<p>Na\u0161 cilj jeste da svojom kreativno\u0161\u0107u&nbsp;i inovacijama ulep\u0161amo Va\u0161e slavlje, ispunimo Va\u0161a o\u010dekivanja i ponudimo Vam moderna re\u0161enja po veoma pristupa\u010dnim cenama.<\/p>\n\n\n\n<p><\/p>\n\n\n\n<h2>&nbsp;                                      <\/h2>\n\n\n\n<p><\/p>\n","protected":false},"excerpt":{"rendered":"<p>U na\u0161oj prodavnici mo\u017eete prona\u0107i: Veliki izbor latex balona punjenih helijumom, folije balona razli\u010ditih oblika, tema i veli\u010dina kao i brojeva u dve veli\u010dine (66cm i 102cm) raznih boja Razne zanimljive i sme\u0161ne poklone \u010cestitke, kese, ukrasne kutije, sve\u0107ice i vatromet Pinjate Dekoracije proslava (de\u010diji ro\u0111endani i kr\u0161tenja, 18-ti ro\u0111endani, korporativne proslave) Izrada party programa, slatkog programa i torti Iznajmljivanje rasvete, ma\u0161ina i ozvu\u010denja za proslave Dekoracije poslovnih objekata Iznajmljivanje dekoracije (pozadine, stolovi, konstrukcije&#8230;) Na\u0161 cilj jeste da svojom kreativno\u0161\u0107u&nbsp;i inovacijama ulep\u0161amo Va\u0161e slavlje, ispunimo Va\u0161a o\u010dekivanja i ponudimo Vam moderna re\u0161enja po veoma pristupa\u010dnim cenama. &nbsp;<\/p>\n","protected":false},"author":1,"featured_media":0,"parent":0,"menu_order":0,"comment_status":"closed","ping_status":"closed","template":"","meta":[],"yoast_head":"<!-- This site is optimized with the Yoast SEO plugin v17.4 - https:\/\/yoast.com\/wordpress\/plugins\/seo\/ -->\n<title>O nama - Magic Party<\/title>\n<meta name=\"robots\" content=\"index, follow, max-snippet:-1, max-image-preview:large, max-video-preview:-1\" \/>\n<link rel=\"canonical\" href=\"http:\/\/www.magicpartydekoracija.com\/\" \/>\n<meta property=\"og:locale\" content=\"en_US\" \/>\n<meta property=\"og:type\" content=\"article\" \/>\n<meta property=\"og:title\" content=\"O nama - Magic Party\" \/>\n<meta property=\"og:description\" content=\"U na\u0161oj prodavnici mo\u017eete prona\u0107i: Veliki izbor latex balona punjenih helijumom, folije balona razli\u010ditih oblika, tema i veli\u010dina kao i brojeva u dve veli\u010dine (66cm i 102cm) raznih boja Razne zanimljive i sme\u0161ne poklone \u010cestitke, kese, ukrasne kutije, sve\u0107ice i vatromet Pinjate Dekoracije proslava (de\u010diji ro\u0111endani i kr\u0161tenja, 18-ti ro\u0111endani, korporativne proslave) Izrada party programa, slatkog programa i torti Iznajmljivanje rasvete, ma\u0161ina i ozvu\u010denja za proslave Dekoracije poslovnih objekata Iznajmljivanje dekoracije (pozadine, stolovi, konstrukcije&#8230;) Na\u0161 cilj jeste da svojom kreativno\u0161\u0107u&nbsp;i inovacijama ulep\u0161amo Va\u0161e slavlje, ispunimo Va\u0161a o\u010dekivanja i ponudimo Vam moderna re\u0161enja po veoma pristupa\u010dnim cenama. &nbsp;\" \/>\n<meta property=\"og:url\" content=\"http:\/\/www.magicpartydekoracija.com\/\" \/>\n<meta property=\"og:site_name\" content=\"Magic Party\" \/>\n<meta property=\"article:modified_time\" content=\"2026-03-27T12:10:15+00:00\" \/>\n<meta name=\"twitter:card\" content=\"summary_large_image\" \/>\n<meta name=\"twitter:label1\" content=\"Est. reading time\" \/>\n\t<meta name=\"twitter:data1\" content=\"1 minute\" \/>\n<script type=\"application\/ld+json\" class=\"yoast-schema-graph\">{\"@context\":\"https:\/\/schema.org\",\"@graph\":[{\"@type\":\"WebSite\",\"@id\":\"https:\/\/www.magicpartydekoracija.com\/#website\",\"url\":\"https:\/\/www.magicpartydekoracija.com\/\",\"name\":\"Magic Party\",\"description\":\"\",\"potentialAction\":[{\"@type\":\"SearchAction\",\"target\":{\"@type\":\"EntryPoint\",\"urlTemplate\":\"https:\/\/www.magicpartydekoracija.com\/?s={search_term_string}\"},\"query-input\":\"required name=search_term_string\"}],\"inLanguage\":\"en-US\"},{\"@type\":\"WebPage\",\"@id\":\"http:\/\/www.magicpartydekoracija.com\/#webpage\",\"url\":\"http:\/\/www.magicpartydekoracija.com\/\",\"name\":\"O nama - Magic Party\",\"isPartOf\":{\"@id\":\"https:\/\/www.magicpartydekoracija.com\/#website\"},\"datePublished\":\"2017-03-17T07:30:42+00:00\",\"dateModified\":\"2026-03-27T12:10:15+00:00\",\"breadcrumb\":{\"@id\":\"http:\/\/www.magicpartydekoracija.com\/#breadcrumb\"},\"inLanguage\":\"en-US\",\"potentialAction\":[{\"@type\":\"ReadAction\",\"target\":[\"http:\/\/www.magicpartydekoracija.com\/\"]}]},{\"@type\":\"BreadcrumbList\",\"@id\":\"http:\/\/www.magicpartydekoracija.com\/#breadcrumb\",\"itemListElement\":[{\"@type\":\"ListItem\",\"position\":1,\"name\":\"Home\",\"item\":\"http:\/\/www.magicpartydekoracija.com\/\"},{\"@type\":\"ListItem\",\"position\":2,\"name\":\"O nama\"}]}]}<\/script>\n<!-- \/ Yoast SEO plugin. -->","yoast_head_json":{"title":"O nama - Magic Party","robots":{"index":"index","follow":"follow","max-snippet":"max-snippet:-1","max-image-preview":"max-image-preview:large","max-video-preview":"max-video-preview:-1"},"canonical":"http:\/\/www.magicpartydekoracija.com\/","og_locale":"en_US","og_type":"article","og_title":"O nama - Magic Party","og_description":"U na\u0161oj prodavnici mo\u017eete prona\u0107i: Veliki izbor latex balona punjenih helijumom, folije balona razli\u010ditih oblika, tema i veli\u010dina kao i brojeva u dve veli\u010dine (66cm i 102cm) raznih boja Razne zanimljive i sme\u0161ne poklone \u010cestitke, kese, ukrasne kutije, sve\u0107ice i vatromet Pinjate Dekoracije proslava (de\u010diji ro\u0111endani i kr\u0161tenja, 18-ti ro\u0111endani, korporativne proslave) Izrada party programa, slatkog programa i torti Iznajmljivanje rasvete, ma\u0161ina i ozvu\u010denja za proslave Dekoracije poslovnih objekata Iznajmljivanje dekoracije (pozadine, stolovi, konstrukcije&#8230;) Na\u0161 cilj jeste da svojom kreativno\u0161\u0107u&nbsp;i inovacijama ulep\u0161amo Va\u0161e slavlje, ispunimo Va\u0161a o\u010dekivanja i ponudimo Vam moderna re\u0161enja po veoma pristupa\u010dnim cenama. &nbsp;","og_url":"http:\/\/www.magicpartydekoracija.com\/","og_site_name":"Magic Party","article_modified_time":"2026-03-27T12:10:15+00:00","twitter_card":"summary_large_image","twitter_misc":{"Est. reading time":"1 minute"},"schema":{"@context":"https:\/\/schema.org","@graph":[{"@type":"WebSite","@id":"https:\/\/www.magicpartydekoracija.com\/#website","url":"https:\/\/www.magicpartydekoracija.com\/","name":"Magic Party","description":"","potentialAction":[{"@type":"SearchAction","target":{"@type":"EntryPoint","urlTemplate":"https:\/\/www.magicpartydekoracija.com\/?s={search_term_string}"},"query-input":"required name=search_term_string"}],"inLanguage":"en-US"},{"@type":"WebPage","@id":"http:\/\/www.magicpartydekoracija.com\/#webpage","url":"http:\/\/www.magicpartydekoracija.com\/","name":"O nama - Magic Party","isPartOf":{"@id":"https:\/\/www.magicpartydekoracija.com\/#website"},"datePublished":"2017-03-17T07:30:42+00:00","dateModified":"2026-03-27T12:10:15+00:00","breadcrumb":{"@id":"http:\/\/www.magicpartydekoracija.com\/#breadcrumb"},"inLanguage":"en-US","potentialAction":[{"@type":"ReadAction","target":["http:\/\/www.magicpartydekoracija.com\/"]}]},{"@type":"BreadcrumbList","@id":"http:\/\/www.magicpartydekoracija.com\/#breadcrumb","itemListElement":[{"@type":"ListItem","position":1,"name":"Home","item":"http:\/\/www.magicpartydekoracija.com\/"},{"@type":"ListItem","position":2,"name":"O nama"}]}]}},"_links":{"self":[{"href":"https:\/\/www.magicpartydekoracija.com\/index.php\/wp-json\/wp\/v2\/pages\/21"}],"collection":[{"href":"https:\/\/www.magicpartydekoracija.com\/index.php\/wp-json\/wp\/v2\/pages"}],"about":[{"href":"https:\/\/www.magicpartydekoracija.com\/index.php\/wp-json\/wp\/v2\/types\/page"}],"author":[{"embeddable":true,"href":"https:\/\/www.magicpartydekoracija.com\/index.php\/wp-json\/wp\/v2\/users\/1"}],"replies":[{"embeddable":true,"href":"https:\/\/www.magicpartydekoracija.com\/index.php\/wp-json\/wp\/v2\/comments?post=21"}],"version-history":[{"count":28,"href":"https:\/\/www.magicpartydekoracija.com\/index.php\/wp-json\/wp\/v2\/pages\/21\/revisions"}],"predecessor-version":[{"id":1348,"href":"https:\/\/www.magicpartydekoracija.com\/index.php\/wp-json\/wp\/v2\/pages\/21\/revisions\/1348"}],"wp:attachment":[{"href":"https:\/\/www.magicpartydekoracija.com\/index.php\/wp-json\/wp\/v2\/media?parent=21"}],"curies":[{"name":"wp","href":"https:\/\/api.w.org\/{rel}","templated":true}]}}